4 + 18326?
1846a
In base 10, what is 135986 + -220?
135766
In base 7, what is 5301666104 - -2?
5301666106
In base 9, what is 5 + 253448173?
253448178
In base 3, what is 100 - -1122100021222022?
1122100021222122
In base 3, what is -1111121 + 110010112112?
110002000221
In base 2, what is 101100111111001110 + 111001?
101101000000000111
In base 4, what is -31233110313 + 3?
-31233110310
In base 3, what is 100011022011 - 210?
100011021101
In base 9, what is -451 + -778078?
-778540
In base 9, what is 1835526 - 106?
1835420
In base 4, what is 102110 + -1232030310?
-1231322200
In base 9, what is -4058815 - 33?
-4058848
In base 9, what is 368518860 + 5?
368518865
In base 3, what is 21112111020100 + 1020?
21112111021120
In base 2, what is -11110100110001101101000000 - 11?
-11110100110001101101000011
In base 13, what is 3 - 5151335?
-5151332
In base 16, what is 109050f + 5?
1090514
In base 15, what is -a71e4 - -21e?
-a6ec5
In base 9, what is 222331 + 1655?
224086
In base 12, what is -577b6341 - -5?
-577b6338
In base 6, what is 150553215 - 44?
150553131
In base 15, what is 4 + 1ca20d?
1ca212
In base 6, what is 4 + 2302555332?
2302555340
In base 3, what is -2210 - 21022112?
-21102022
In base 14, what is -8 - -d5018?
d5010
In base 5, what is 121144 + -42422?
23222
In base 3, what is -10202112010222 + -2?
-10202112011001
In base 7, what is 640 - -263?
1233
In base 2, what is -100101110111111011110110 + 111?
-100101110111111011101111
In base 5, what is -342113421 + -31?
-342114002
In base 3, what is -121 + 2102201010001121?
2102201010001000
In base 10, what is 7192 - 31385?
-24193
In base 14, what is -4a3a + 1d7a?
-2aa0
In base 16, what is -60e - 1e0ce?
-1e6dc
In base 6, what is 3 + -25515030?
-25515023
In base 15, what is -c7e - -58?
-c26
In base 9, what is -10 - -73246?
73236
In base 3, what is 10222022 + 220000010?
1000222102
In base 3, what is -21000 - 120220102202?
-120220200202
In base 6, what is -40 - -34411524?
34411444
In base 12, what is -35 - -7a17146?
7a17111
In base 4, what is 10122321120 + 1233?
10122323013
In base 7, what is -254346 + 610?
-253436
In base 15, what is -28829a - 18?
-2882b3
In base 3, what is -22100 - -1000210202?
1000111102
In base 9, what is -660 + 48608?
47838
In base 10, what is -5183289 - -1?
-5183288
In base 9, what is -12232080 - -3?
-12232076
In base 13, what is 20382 + -661?
1ca21
In base 3, what is 10011202000122 + 1222?
10011202002121
In base 15, what is -94555b + 3?
-945558
In base 8, what is -17153 - -4373?
-12560
In base 14, what is 1c46a4 + 3a?
1c4700
In base 5, what is 10 - 324222123301?
-324222123241
In base 16, what is 40a797 - 5?
40a792
In base 6, what is -1342041 - 245?
-1342330
In base 14, what is -1106 + -443?
-1549
In base 9, what is -2 - 3766402?
-3766404
In base 7, what is -1150234 + -152?
-1150416
In base 5, what is 10 + 202003033?
202003043
In base 4, what is -33111133 - -232131?
-32213002
In base 16, what is 0 + -bfc30a?
-bfc30a
In base 12, what is 0 - -849828?
849828
In base 2, what is -1100011001100000 + -1100001111100?
-1101111011011100
In base 7, what is 30312 + -13?
30266
In base 16, what is -ec1 + -3058?
-3f19
In base 5, what is -4041 + 1022142?
1013101
In base 2, what is 1100111101110101110110100 + 100?
1100111101110101110111000
In base 6, what is -513 - -23454221?
23453304
In base 10, what is -128024 - 660?
-128684
In base 12, what is -442b - -1513?
-2b18
In base 11, what is -41a + -4a2576?
-4a2995
In base 5, what is 1140 - 3210?
-2020
In base 12, what is 3 + -2145b2a2?
-2145b29b
In base 16, what is 1f + -b266d9?
-b266ba
In base 10, what is 5193 - -1185?
6378
In base 4, what is -11 + -2232330330?
-2232331001
In base 7, what is -40 + 104351?
104311
In base 15, what is 16461 - 19e5?
1496b
In base 15, what is 1b199bcb + 1?
1b199bcc
In base 7, what is -14 - 52356123?
-52356140
In base 14, what is 2c9 - -c7c8?
cab3
In base 4, what is -10000233000 + 12?
-10000232322
In base 16, what is 2 + -dff135?
-dff133
In base 16, what is -92e - 21b49?
-22477
In base 10, what is -161840 - -54?
-161786
In base 15, what is 2309ae - -2?
2309b1
In base 9, what is 274601 + 77?
274678
In base 12, what is 2709a3 + a?
2709b1
In base 8, what is 43 + 2203503?
2203546
In base 14, what is -124 - 17a4?
-18c8
In base 6, what is 152 - 200454224?
-200454032
In base 9, what is -327681 + 35?
-327645
In base 13, what is -13 + -91aa65?
-91aa78
In base 3, what is -1000012212211111 - -20?
-1000012212211021
In base 10, what is -169764 - -44?
-169720
In base 2, what is 0 + -100010111110001000000?
-100010111110001000000
In base 16, what is -7be0 + 46ae?
-3532
In base 6, what is 105555003 - -103?
105555110
In base 7, what is 445 - -10523544?
10524322
In base 6, what is -5021 - 1051334?
-1100355
In base 12, what is a + 16a9582?
16a9590
In base 10, what is -1326 + 288282?
286956
In base 9, what is 1 - -317781?
317782
In base 13, what is -37 - 148b3?
-1491a
In base 7, what is 10505 - 6402?
1103
In base 13, what is -13 + 2421241?
242122b
In base 15, what is 2120b3b + -5?
2120b36
In base 11, what is -151a68 - -24?
-151a44
In base 6, what is 11355 + 1413340?
1425135
In base 14, what is -1c1bb72 - -4?
-1c1bb6c
In base 8, what is 315 + 104232?
104547
In base 5, what is 344 + -221204244?
-221203400
In base 9, what is -2 - 548316?
-548318
In base 11, what is 15490 - 3?
15488
In base 6, what is -3 - 250212221?
-250212224
In base 15, what is 81 - -10463?
104e4
In base 6, what is -31140344 - 101?
-31140445
In base 6, what is 10100252523 - 3?
10100252520
In base 13, what is 46821 - -59?
4687a
In base 11, what is -825140 - -467?
-824784
In base 8, what is 140 + 3501006?
3501146
In base 10, what is 310002388 - 4?
310002384
In base 4, what is 20 + 1200033312?
1200033332
In base 5, what is 103123442 - 200?
103123242
In base 8, what is -440740 - 140?
-441100
In base 7, what is 6 - 22640460?
-22640451
In base 14, what is c5 + -3a2c7?
-3a202
In base 11, what is -4023 - 1459?
-5481
In base 16, what is -b8139d + 1?
-b8139c
In base 10, what is 5166 + 6113?
11279
In base 15, what is 39b97 + -567?
39630
In base 12, what is 1194 - -25543?
26717
In base 4, what is 22322033300210 - 3?
22322033300201
In base 13, what is 2c - -4892?
48c1
In base 10, what is -182884957 - 0?
-182884957
In base 5, what is -1 - 2412144422?
-2412144423
In base 2, what is -111 + 1111101100110011110110111101?
1111101100110011110110110110
In base 10, what is -3015195 - -6?
-3015189
In base 12, what is 3 + -303037?
-303034
In base 12, what is 1625806ab + 1?
1625806b0
In base 8, what is -3 - -22600274?
22600271
In base 7, what is -33 - 13222204?
-13222240
In base 13, what is -744479c - -2?
-744479a
In base 2, what is 101011000 - 10000110011110?
-10000001000110
In base 7, what is -125 - 526065?
-526223
In base 7, what is 1 + -12241330?
-12241326
In base 15, what is 19d + 3a15?
3bb3
In base 9, what is 62172 + 61?
62243
In base 3, what is -111121200 + 11000?
-111110200
In base 15, what is c4768 - -100?
c4868
In base 4, what is -133 - -23300310101?
23300303302
In base 3, what is -1212 - 100222212020211?
-100222212022200
In base 5, what is -2 + 120134320?
120134313
In base 10, what is -65 - -22175?
22110
In base 7, what is -43012530 - -1?
-43012526
In base 16, what is -4 - 13b0f72?
-13b0f76
In base 16, what is -3f08fed + -5?
-3f08ff2
In base 5, what is -33 - -1111232?
1111144
In base 16, what is -2 + -17e1bab?
-17e1bad
In base 9, what is 57047 - -3060?
61117
In base 13, what is -ac - -4aa1?
49c2
In base 13, what is 1c1c310c + 3?
1c1c3112
In base 14, what is 1107 - -336d?
4476
In base 8, what is -17443 + -5740?
-25403
In base 15, what is -bc + -b683?
-b750
In base 8, what is -5472 + 71?
-5401
In base 12, what is 1 + 2466574?
2466575
In base 15, what is -b + 22992c9?
22992bd
In base 10, what is -1606429 - 4?
-1606433
In base 9, what is -146456 + 80?
-146366
In base 2, what is -1111100101 - -1011011100000?
1001011111011
In base 12, what is -1 - -124b5ba?
124b5b9
In base 15, what is 2c34d6 + c?
2c34e3
In base 8, what is 15770 + -15451?
317
In base 4, what is -202133013332 - 313?
-202133020311
In base 16, what is 518 + -11dd0?
-118b8
In base 11, what is -6a1a2124 + 7?
-6a1a2118
In base 5, what is -141112 + 21433343?
21242231
In base 6, what is -552145 + 54?
-552051
In base 7, what is 11203130303 + -4?